1/(-2) + 3/2.
0
Let q(t) = -12*t + 91. What is the remainder when 7 is divided by q(7)?
0
Let g be (-4)/5*(-35)/14. Calculate the remainder when 30 is divided by (-172)/(-16) - g/(-8).
8
Let x(l) = -l**3 - 4*l**2 + l + 3. Suppose 0 = -6*j + 2*j - 20. Let p(m) = -m**3 - 3*m**2 - 4*m - 4. What is the remainder when x(j) is divided by p(-3)?
7
Suppose -h = 5*r - 197 - 613, 341 = 2*r - 3*h. Calculate the remainder when r is divided by 15.
13
Let p be -1 - 3*(0 + -1). Let q = -391 - -396. Calculate the remainder when ((-1)/p)/(1/(-18)) is divided by q.
4
Suppose -r + 51 = -4*d, 2*r + 2*r - 9 = d. Let i = 20 - d. Calculate the remainder when i is divided by 12.
9
Suppose -1 - 3 = -y. Suppose -4*v + a + 110 = -a, -y*v - a + 119 = 0. Let k(w) = w**3 + 4*w**2 + w + 4. What is the remainder when v is divided by k(-3)?
9
Let g(v) = -156*v**3 + 2*v**2 - v. Let c be g(2). Calculate the remainder when 3/2 + c/(-12) is divided by 27.
24
Let o(k) = -k**3 + 6*k**2 + 3. Calculate the remainder when (11 - 9)/((-2)/(-8)) is divided by o(6).
2
Suppose -q + 5 = 0, 2*t = 4*t + q + 3. What is the remainder when 29 is divided by (-1)/t - (-78)/8?
9
Suppose 0 = -2*o + 7*o. What is the remainder when (-59 - -2)*(-2)/6 is divided by 3 - 5 - (o + -9)?
5
Suppose 48 = 3*o - 21. Suppose o = 4*z - 1. What is the remainder when 16 is divided by z?
4
Let p(f) = -38*f**2 - 20*f + 23. Let s(d) = -13*d**2 - 7*d + 8. Let v(r) = -6*p(r) + 17*s(r). What is the remainder when 46 is divided by v(-2)?
22
Let p = 349 + -178. Calculate the remainder when p is divided by 25.
21
Let w(v) = v**2 + 9 + 5*v**2 + v**3 - 2 - 7*v. Suppose -5*i + 8*i + 21 = 0. Calculate the remainder when w(i) is divided by 3.
1
Suppose 252 = 2*f + f. Suppose -6*w + f = -3*w. What is the remainder when 54 is divided by w?
26
Let h(p) = -p**2 - 6*p - 4. Let b be h(-3). Suppose 3*t - 2*k - 24 = k, -k - 24 = -b*t. What is the remainder when 5 is divided by t?
1
Let c = -24 + 27. What is the remainder when c is divided by 3?
0
Suppose 3*w = -0*w + a + 230, -w = -5*a - 58. Let r = -42 + w. Suppose 0 = -2*d - 4*u + r, -4*u + 0*u = 4*d - 52. What is the remainder when d is divided by 5?
3
Suppose 0 = 4*x - 47 - 17. Let i(d) = -6*d + 2*d**2 + 3*d - d. Calculate the remainder when x is divided by i(3).
4
Let j(m) = -m**3 - m + 2. Let p be j(0). Suppose -90 = -p*q - 8. Calculate the remainder when q is divided by 14.
13
Let x(r) = 3*r + 81. Calculate the remainder when x(-16) is divided by 20.
13
Suppose 6 - 2 = 4*h. Suppose h = 4*o - 3*o. Calculate the remainder when 38 is divided by (0 + 1)*(o - -12).
12
Let m = -28 - -49. What is the remainder when m is divided by 8?
5
Let x = -12 + 27. Suppose -2*s - 32 = -3*s. Calculate the remainder when ((-56)/s)/(2/(-32)) is divided by x.
13
Let q(v) = v**3 + 6*v**2 - 6*v + 4. Let x = 43 + -29. What is the remainder when q(-6) is divided by x?
12
Let g = -180 + 267. Suppose -2*u + 7 + g = 0. What is the remainder when u is divided by 12?
11
Suppose -59 = 7*g - 206. What is the remainder when g is divided by 12?
9
Suppose 2*z + 31 = 3*z. Calculate the remainder when z is divided by 17.
14
Suppose 0 = i + 3*j - 4 - 58, 0 = i + 4*j - 65. Let c = 22 + -8. What is the remainder when i is divided by c?
11
Let s(a) = -6*a**3 - a**2 + 1. Let b be s(1). Calculate the remainder when (-78)/(-4) + (-2)/4 is divided by ((-21)/b)/(2/4).
5
Let f(b) = b**2 + 2*b - 2. Calculate the remainder when f(-3) is divided by (-6)/(-4) + 2/(-4).
0
Suppose 0 = -0*y + y - 5. Suppose -5*p - 2*h + 101 + 35 = 0, 0 = 3*p - y*h - 63. What is the remainder when p is divided by 7?
5
Let b be 4/(-12) + (-7)/(-3). Suppose 0 = -b*k + 6, 5*k - 133 = -2*g - 6. Calculate the remainder when g is divided by 19.
18
Let t(x) = x**3 - 8*x**2 + 5*x - 8. What is the remainder when 157 is divided by t(8)?
29
Let r(j) = j**3 + 4*j**2 + 3*j + 2. Let v be r(-3). Suppose -v*k + 7*k - 155 = 0. Calculate the remainder when k is divided by 17.
14
Suppose -4*i - 5*o + 2 = 0, -5*i + 4*i + 11 = -4*o. Suppose 5*v = 6 - 26. What is the remainder when -2 - v - -11 - 3 is divided by i?
1
Let c be (-14)/(2/((-2)/1)). Let q = c - 8. Let f = -4 + q. Calculate the remainder when 4 is divided by f.
0
Let o = 4 - 5. Calculate the remainder when 22 is divided by (4/o)/((-4)/12).
10
Suppose -3*u + 5 = c - 0, -c - 2*u = -7. Let t = -5 + 9. What is the remainder when c is divided by 1/((8/14)/t)?
4
Suppose 3*k = -0*k. Suppose k = 4*u - 2*u - 36. What is the remainder when 34 is divided by u?
16
Suppose 0 + 142 = 4*z - f, 0 = z - 4*f - 43. Calculate the remainder when z is divided by 9/(-2*3/(-8)).
11
Suppose -3*l - 17 = -5*x, 4*x = l - 1 + 16. Suppose -x*s + 26 + 26 = 0. Calculate the remainder when (6/(-5))/((-3)/60) is divided by s.
11
Let v = -29 - -92. What is the remainder when v is divided by 17?
12
Let t = -4 - -7. Suppose -3*g - g = -t*n - 3, -21 = -3*n - 4*g. What is the remainder when 7 is divided by n?
1
Calculate the remainder when 34 is divided by (-75)/(-10)*12/5.
16
Let d = 15 - -4. Let x be (-21)/(-9) + 1/(-3). What is the remainder when d is divided by (1 + 0)*x - -8?
9
Let f(p) = p**3 + p**2 + 4. Let y be f(0). Suppose d - y - 10 = 0. What is the remainder when d is divided by 4?
2
What is the remainder when 19 is divided by (-90)/(-12)*(-2)/(-3)?
4
Let h = 63 - 50. Suppose 0 = 2*w - 5*w + 69. Calculate the remainder when w is divided by h.
10
Let c(y) = y**3 - 11*y**2 + 11*y + 5. Let o be c(10). Suppose 6*z - o = z. What is the remainder when 37 is divided by ((-2)/z)/((-6)/171)?
18
Suppose -2*s - 42 = -2*u, 5*u - s = -4*s + 113. What is the remainder when u is divided by 12?
10
What is the remainder when 17 is divided by (-68)/(-11) + (-6)/33?
5
Let f = -134 + 192. What is the remainder when f is divided by 15?
13
Let s = 11 - -5. What is the remainder when 47 is divided by s?
15
Let k(x) = 1 + 4 - 4*x - 2. Calculate the remainder when (-44)/(-6)*(1 - -5) is divided by k(-3).
14
Let d(t) = -t**2 + 9*t + 5. What is the remainder when 47 is divided by d(5)?
22
Let k = 211 + -194. What is the remainder when 132 is divided by k?
13
Suppose 0 = 4*d + 11 - 59. Calculate the remainder when 23 is divided by d.
11
Let l = 16 + -9. Suppose 4*p - 5*y - 24 = 0, 25 = 4*p + y - 23. Let g = p - 7. Calculate the remainder when l is divided by g.
3
Let r = -3 - -46. Suppose 6*b - b = -35. Let c(v) = -v + 8. What is the remainder when r is divided by c(b)?
13
Let b = 80 - 44. Suppose -2*l = 2*s - 49 + 13, 4*l - 24 = -s. Let v = -3 + s. What is the remainder when b is divided by v?
10
Let j be (0/(-3)*1)/2. Suppose j = -3*a + 7*a + 84. Calculate the remainder when (a/(-2))/(1/4) is divided by 11.
9
Let s(o) = -16*o - 8. Calculate the remainder when 35 is divided by s(-2).
11
Suppose 5*m + 225 = 10*m. What is the remainder when m is divided by 24?
21
Suppose -n = -4 + 1. Suppose -n*u = -2*u - 6. Calculate the remainder when 21 is divided by u.
3
Let z be 1/(-3 + 2) - 3. Let h = -2 + 4. What is the remainder when (-3 - z)/((-2)/(-10)) is divided by h?
1
Suppose -i = -2*i + 34. Let c = i + -15. What is the remainder when c is divided by 7?
5
Let z = 46 + -3. What is the remainder when z is divided by 5?
3
Suppose -5 = 2*t - 25. Calculate the remainder when 68 is divided by t.
8
Suppose 0*g = g - 2. Suppose -6*k = -g*k - 52. Calculate the remainder when k is divided by 5.
3
Let c be 26/((-13)/(-5) - 3). Let j = -29 - c. Suppose -4*g = -0*g - j. What is the remainder when 16 is divided by g?
7
Let s be 5/(-4)*(2 - 6). Suppose 4*o + 18 = s*o. Calculate the remainder when 52 is divided by o.
16
Suppose -4*l - 3 = -15. Suppose 3*s - 14 + 2 = 0. What is the remainder when s is divided by l?
1
Let a = 57 - 31. Calculate the remainder when a is divided by 9.
8
Let i be 0*(-2)/(-12)*3. Suppose 0 = y - 2 - i. Calculate the remainder when 4 is divided by y.
0
What is the remainder when 3 - 2 - (9/(-3) + -175) is divided by 36?
35
Let w(y) = y + 4. Calculate the remainder when 32 is divided by w(7).
10
Let b(p) = -p**2 + p. Let j be b(-1). Let z(t) = -3*t**3 - 4*t**2 - 2*t + 2. What is the remainder when z(j) is divided by 5?
4
Let v = -92 + 139. Let c = -3 + 27. Calculate the remainder when v is divided by c.
23
Let n(u) = u**2 - 2. Let w = -2 - -5. Suppose 0 = y